{"id":16,"date":"2023-09-15T12:05:01","date_gmt":"2023-09-15T15:05:01","guid":{"rendered":"https:\/\/despbox.com.br\/?page_id=16"},"modified":"2023-09-15T15:23:53","modified_gmt":"2023-09-15T18:23:53","slug":"pagina-inicial","status":"publish","type":"page","link":"https:\/\/despbox.com.br\/","title":{"rendered":"P\u00e1gina Inicial"},"content":{"rendered":"\t\t<div data-elementor-type=\"wp-page\" data-elementor-id=\"16\" class=\"elementor elementor-16\">\n\t\t\t\t\t\t\t<div class=\"elementor-element elementor-element-3727640 e-con-full e-flex e-con e-parent\" data-id=\"3727640\" data-element_type=\"container\" data-settings=\"{&quot;background_background&quot;:&quot;gradient&quot;,&quot;content_width&quot;:&quot;full&quot;}\" data-core-v316-plus=\"true\">\n\t\t<div class=\"elementor-element elementor-element-6771bb4 e-con-full e-flex elementor-invisible e-con e-child\" data-id=\"6771bb4\" data-element_type=\"container\" data-settings=\"{&quot;content_width&quot;:&quot;full&quot;,&quot;animation&quot;:&quot;fadeIn&quot;}\">\n\t\t\t\t<div class=\"elementor-element elementor-element-67053e6 elementor-widget elementor-widget-heading\" data-id=\"67053e6\" data-element_type=\"widget\" data-widget_type=\"heading.default\">\n\t\t\t\t<div class=\"elementor-widget-container\">\n\t\t\t<style>\/*! elementor - v3.16.0 - 14-09-2023 *\/\n.elementor-heading-title{padding:0;margin:0;line-height:1}.elementor-widget-heading .elementor-heading-title[class*=elementor-size-]>a{color:inherit;font-size:inherit;line-height:inherit}.elementor-widget-heading .elementor-heading-title.elementor-size-small{font-size:15px}.elementor-widget-heading .elementor-heading-title.elementor-size-medium{font-size:19px}.elementor-widget-heading .elementor-heading-title.elementor-size-large{font-size:29px}.elementor-widget-heading .elementor-heading-title.elementor-size-xl{font-size:39px}.elementor-widget-heading .elementor-heading-title.elementor-size-xxl{font-size:59px}<\/style><h6 class=\"elementor-heading-title elementor-size-default\">PR\u00c1TICO E COMPLETO<\/h6>\t\t<\/div>\n\t\t\t\t<\/div>\n\t\t\t\t<div class=\"elementor-element elementor-element-830e450 elementor-widget elementor-widget-heading\" data-id=\"830e450\" data-element_type=\"widget\" data-widget_type=\"heading.default\">\n\t\t\t\t<div class=\"elementor-widget-container\">\n\t\t\t<h2 class=\"elementor-heading-title elementor-size-default\">Saiba exatamente o custo real de cada cliente<\/h2>\t\t<\/div>\n\t\t\t\t<\/div>\n\t\t\t\t<div class=\"elementor-element elementor-element-3eb4dbb elementor-widget elementor-widget-text-editor\" data-id=\"3eb4dbb\" data-element_type=\"widget\" data-widget_type=\"text-editor.default\">\n\t\t\t\t<div class=\"elementor-widget-container\">\n\t\t\t<style>\/*! elementor - v3.16.0 - 14-09-2023 *\/\n.elementor-widget-text-editor.elementor-drop-cap-view-stacked .elementor-drop-cap{background-color:#69727d;color:#fff}.elementor-widget-text-editor.elementor-drop-cap-view-framed .elementor-drop-cap{color:#69727d;border:3px solid;background-color:transparent}.elementor-widget-text-editor:not(.elementor-drop-cap-view-default) .elementor-drop-cap{margin-top:8px}.elementor-widget-text-editor:not(.elementor-drop-cap-view-default) .elementor-drop-cap-letter{width:1em;height:1em}.elementor-widget-text-editor .elementor-drop-cap{float:left;text-align:center;line-height:1;font-size:50px}.elementor-widget-text-editor .elementor-drop-cap-letter{display:inline-block}<\/style>\t\t\t\t<p>Otimize sua opera\u00e7\u00e3o de forma definitiva. Com o DespBox, voc\u00ea ter\u00e1 total controle das despesas relacionadas ao atendimento de seus clientes, gerenciamento de viagens e ve\u00edculos.<\/p>\t\t\t\t\t\t<\/div>\n\t\t\t\t<\/div>\n\t\t\t\t<div class=\"elementor-element elementor-element-657b91b elementor-align-justify e-transform elementor-widget elementor-widget-button\" data-id=\"657b91b\" data-element_type=\"widget\" data-settings=\"{&quot;_transform_scale_effect_hover&quot;:{&quot;unit&quot;:&quot;px&quot;,&quot;size&quot;:1.1,&quot;sizes&quot;:[]},&quot;_transform_scale_effect_hover_tablet&quot;:{&quot;unit&quot;:&quot;px&quot;,&quot;size&quot;:&quot;&quot;,&quot;sizes&quot;:[]},&quot;_transform_scale_effect_hover_mobile&quot;:{&quot;unit&quot;:&quot;px&quot;,&quot;size&quot;:&quot;&quot;,&quot;sizes&quot;:[]}}\" data-widget_type=\"button.default\">\n\t\t\t\t<div class=\"elementor-widget-container\">\n\t\t\t\t\t<div class=\"elementor-button-wrapper\">\n\t\t\t<a class=\"elementor-button elementor-button-link elementor-size-md\" href=\"#\">\n\t\t\t\t\t\t<span class=\"elementor-button-content-wrapper\">\n\t\t\t\t\t\t<span class=\"elementor-button-text\">Conhecer os Planos<\/span>\n\t\t<\/span>\n\t\t\t\t\t<\/a>\n\t\t<\/div>\n\t\t\t\t<\/div>\n\t\t\t\t<\/div>\n\t\t\t\t<div class=\"elementor-element elementor-element-6b8b286 elementor-align-justify e-transform elementor-widget elementor-widget-button\" data-id=\"6b8b286\" data-element_type=\"widget\" data-settings=\"{&quot;_transform_scale_effect_hover&quot;:{&quot;unit&quot;:&quot;px&quot;,&quot;size&quot;:1.1,&quot;sizes&quot;:[]},&quot;_transform_scale_effect_hover_tablet&quot;:{&quot;unit&quot;:&quot;px&quot;,&quot;size&quot;:&quot;&quot;,&quot;sizes&quot;:[]},&quot;_transform_scale_effect_hover_mobile&quot;:{&quot;unit&quot;:&quot;px&quot;,&quot;size&quot;:&quot;&quot;,&quot;sizes&quot;:[]}}\" data-widget_type=\"button.default\">\n\t\t\t\t<div class=\"elementor-widget-container\">\n\t\t\t\t\t<div class=\"elementor-button-wrapper\">\n\t\t\t<a class=\"elementor-button elementor-button-link elementor-size-sm\" href=\"#\">\n\t\t\t\t\t\t<span class=\"elementor-button-content-wrapper\">\n\t\t\t\t\t\t<span class=\"elementor-button-text\">Agendar Demonstra\u00e7\u00e3o<\/span>\n\t\t<\/span>\n\t\t\t\t\t<\/a>\n\t\t<\/div>\n\t\t\t\t<\/div>\n\t\t\t\t<\/div>\n\t\t\t\t<\/div>\n\t\t<div class=\"elementor-element elementor-element-82f8a91 e-con-full e-flex elementor-invisible e-con e-child\" data-id=\"82f8a91\" data-element_type=\"container\" data-settings=\"{&quot;content_width&quot;:&quot;full&quot;,&quot;animation&quot;:&quot;fadeInRight&quot;}\">\n\t\t\t\t<div class=\"elementor-element elementor-element-ab0e008 elementor-widget elementor-widget-image\" data-id=\"ab0e008\" data-element_type=\"widget\" data-widget_type=\"image.default\">\n\t\t\t\t<div class=\"elementor-widget-container\">\n\t\t\t<style>\/*! elementor - v3.16.0 - 14-09-2023 *\/\n.elementor-widget-image{text-align:center}.elementor-widget-image a{display:inline-block}.elementor-widget-image a img[src$=\".svg\"]{width:48px}.elementor-widget-image img{vertical-align:middle;display:inline-block}<\/style>\t\t\t\t\t\t\t\t\t\t\t\t<img decoding=\"async\" loading=\"lazy\" width=\"1622\" height=\"927\" src=\"https:\/\/despbox.com.br\/wp-content\/uploads\/2023\/09\/frame_despbox_2.png\" class=\"attachment-full size-full wp-image-115\" alt=\"\" srcset=\"https:\/\/despbox.com.br\/wp-content\/uploads\/2023\/09\/frame_despbox_2.png 1622w, https:\/\/despbox.com.br\/wp-content\/uploads\/2023\/09\/frame_despbox_2-300x171.png 300w, https:\/\/despbox.com.br\/wp-content\/uploads\/2023\/09\/frame_despbox_2-1024x585.png 1024w, https:\/\/despbox.com.br\/wp-content\/uploads\/2023\/09\/frame_despbox_2-768x439.png 768w, https:\/\/despbox.com.br\/wp-content\/uploads\/2023\/09\/frame_despbox_2-1536x878.png 1536w\" sizes=\"(max-width: 1622px) 100vw, 1622px\" \/>\t\t\t\t\t\t\t\t\t\t\t\t\t\t\t<\/div>\n\t\t\t\t<\/div>\n\t\t\t\t<\/div>\n\t\t\t\t<\/div>\n\t\t<div class=\"elementor-element elementor-element-c9a1114 e-con-full e-flex e-con e-parent\" data-id=\"c9a1114\" data-element_type=\"container\" data-settings=\"{&quot;content_width&quot;:&quot;full&quot;}\" data-core-v316-plus=\"true\">\n\t\t<div class=\"elementor-element elementor-element-7b8e39e e-con-full e-flex e-con e-child\" data-id=\"7b8e39e\" data-element_type=\"container\" data-settings=\"{&quot;content_width&quot;:&quot;full&quot;}\">\n\t\t\t\t<div class=\"elementor-element elementor-element-f3b00b6 elementor-widget elementor-widget-image\" data-id=\"f3b00b6\" data-element_type=\"widget\" data-widget_type=\"image.default\">\n\t\t\t\t<div class=\"elementor-widget-container\">\n\t\t\t\t\t\t\t\t\t\t\t\t\t\t\t<img decoding=\"async\" loading=\"lazy\" width=\"768\" height=\"498\" src=\"https:\/\/despbox.com.br\/wp-content\/uploads\/2023\/09\/despesas_por_categoria-768x498.png\" class=\"attachment-medium_large size-medium_large wp-image-171\" alt=\"\" srcset=\"https:\/\/despbox.com.br\/wp-content\/uploads\/2023\/09\/despesas_por_categoria-768x498.png 768w, https:\/\/despbox.com.br\/wp-content\/uploads\/2023\/09\/despesas_por_categoria-300x195.png 300w, https:\/\/despbox.com.br\/wp-content\/uploads\/2023\/09\/despesas_por_categoria-1024x665.png 1024w, https:\/\/despbox.com.br\/wp-content\/uploads\/2023\/09\/despesas_por_categoria.png 1034w\" sizes=\"(max-width: 768px) 100vw, 768px\" \/>\t\t\t\t\t\t\t\t\t\t\t\t\t\t\t<\/div>\n\t\t\t\t<\/div>\n\t\t\t\t<\/div>\n\t\t<div class=\"elementor-element elementor-element-cda70ef e-con-full e-flex e-con e-child\" data-id=\"cda70ef\" data-element_type=\"container\" data-settings=\"{&quot;content_width&quot;:&quot;full&quot;}\">\n\t\t\t\t<div class=\"elementor-element elementor-element-84a2586 elementor-widget elementor-widget-heading\" data-id=\"84a2586\" data-element_type=\"widget\" data-widget_type=\"heading.default\">\n\t\t\t\t<div class=\"elementor-widget-container\">\n\t\t\t<h2 class=\"elementor-heading-title elementor-size-default\">Controle Preciso de Despesas<\/h2>\t\t<\/div>\n\t\t\t\t<\/div>\n\t\t\t\t<div class=\"elementor-element elementor-element-6634fc5 elementor-widget elementor-widget-text-editor\" data-id=\"6634fc5\" data-element_type=\"widget\" data-widget_type=\"text-editor.default\">\n\t\t\t\t<div class=\"elementor-widget-container\">\n\t\t\t\t\t\t\t<p>O DespBox oferece um controle preciso e eficiente das despesas por funcion\u00e1rio e por categoria. Organize seus gastos de forma inteligente e otimize a gest\u00e3o financeira da sua opera\u00e7\u00e3o.<\/p>\t\t\t\t\t\t<\/div>\n\t\t\t\t<\/div>\n\t\t\t\t<\/div>\n\t\t\t\t<\/div>\n\t\t<div class=\"elementor-element elementor-element-682f036 e-con-full e-flex e-con e-parent\" data-id=\"682f036\" data-element_type=\"container\" data-settings=\"{&quot;content_width&quot;:&quot;full&quot;,&quot;background_background&quot;:&quot;classic&quot;}\" data-core-v316-plus=\"true\">\n\t\t<div class=\"elementor-element elementor-element-229f7f4 e-con-full e-flex e-con e-child\" data-id=\"229f7f4\" data-element_type=\"container\" data-settings=\"{&quot;content_width&quot;:&quot;full&quot;}\">\n\t\t\t\t<div class=\"elementor-element elementor-element-926fb88 elementor-widget elementor-widget-heading\" data-id=\"926fb88\" data-element_type=\"widget\" data-widget_type=\"heading.default\">\n\t\t\t\t<div class=\"elementor-widget-container\">\n\t\t\t<h2 class=\"elementor-heading-title elementor-size-default\">Anexa\u00e7\u00e3o Simples de Documentos\n\n<\/h2>\t\t<\/div>\n\t\t\t\t<\/div>\n\t\t\t\t<div class=\"elementor-element elementor-element-b5bdfa0 elementor-widget elementor-widget-text-editor\" data-id=\"b5bdfa0\" data-element_type=\"widget\" data-widget_type=\"text-editor.default\">\n\t\t\t\t<div class=\"elementor-widget-container\">\n\t\t\t\t\t\t\t<p>Simplificamos o processo de anexar notas fiscais e cupons, permitindo uma f\u00e1cil organiza\u00e7\u00e3o e acesso \u00e0s informa\u00e7\u00f5es cruciais para a sua empresa. Nunca mais perca um documento importante.<\/p>\t\t\t\t\t\t<\/div>\n\t\t\t\t<\/div>\n\t\t\t\t<\/div>\n\t\t<div class=\"elementor-element elementor-element-7534257 e-con-full e-flex e-con e-child\" data-id=\"7534257\" data-element_type=\"container\" data-settings=\"{&quot;content_width&quot;:&quot;full&quot;}\">\n\t\t\t\t<div class=\"elementor-element elementor-element-f1a1b1d elementor-widget elementor-widget-image\" data-id=\"f1a1b1d\" data-element_type=\"widget\" data-widget_type=\"image.default\">\n\t\t\t\t<div class=\"elementor-widget-container\">\n\t\t\t\t\t\t\t\t\t\t\t\t\t\t\t<img decoding=\"async\" loading=\"lazy\" width=\"768\" height=\"606\" src=\"https:\/\/despbox.com.br\/wp-content\/uploads\/2023\/09\/anexo_obrigatorio-768x606.png\" class=\"attachment-medium_large size-medium_large wp-image-203\" alt=\"\" srcset=\"https:\/\/despbox.com.br\/wp-content\/uploads\/2023\/09\/anexo_obrigatorio-768x606.png 768w, https:\/\/despbox.com.br\/wp-content\/uploads\/2023\/09\/anexo_obrigatorio-300x237.png 300w, https:\/\/despbox.com.br\/wp-content\/uploads\/2023\/09\/anexo_obrigatorio.png 841w\" sizes=\"(max-width: 768px) 100vw, 768px\" \/>\t\t\t\t\t\t\t\t\t\t\t\t\t\t\t<\/div>\n\t\t\t\t<\/div>\n\t\t\t\t<\/div>\n\t\t\t\t<\/div>\n\t\t<div class=\"elementor-element elementor-element-362079b e-con-full e-flex e-con e-parent\" data-id=\"362079b\" data-element_type=\"container\" data-settings=\"{&quot;content_width&quot;:&quot;full&quot;}\" data-core-v316-plus=\"true\">\n\t\t<div class=\"elementor-element elementor-element-62eb239 e-con-full e-flex e-con e-child\" data-id=\"62eb239\" data-element_type=\"container\" data-settings=\"{&quot;content_width&quot;:&quot;full&quot;}\">\n\t\t\t\t<div class=\"elementor-element elementor-element-397364d elementor-widget elementor-widget-image\" data-id=\"397364d\" data-element_type=\"widget\" data-widget_type=\"image.default\">\n\t\t\t\t<div class=\"elementor-widget-container\">\n\t\t\t\t\t\t\t\t\t\t\t\t\t\t\t<img decoding=\"async\" loading=\"lazy\" width=\"768\" height=\"388\" src=\"https:\/\/despbox.com.br\/wp-content\/uploads\/2023\/09\/conferencia-despesas-768x388.png\" class=\"attachment-medium_large size-medium_large wp-image-212\" alt=\"\" srcset=\"https:\/\/despbox.com.br\/wp-content\/uploads\/2023\/09\/conferencia-despesas-768x388.png 768w, https:\/\/despbox.com.br\/wp-content\/uploads\/2023\/09\/conferencia-despesas-300x151.png 300w, https:\/\/despbox.com.br\/wp-content\/uploads\/2023\/09\/conferencia-despesas-1024x517.png 1024w, https:\/\/despbox.com.br\/wp-content\/uploads\/2023\/09\/conferencia-despesas.png 1040w\" sizes=\"(max-width: 768px) 100vw, 768px\" \/>\t\t\t\t\t\t\t\t\t\t\t\t\t\t\t<\/div>\n\t\t\t\t<\/div>\n\t\t\t\t<\/div>\n\t\t<div class=\"elementor-element elementor-element-b2f007d e-con-full e-flex e-con e-child\" data-id=\"b2f007d\" data-element_type=\"container\" data-settings=\"{&quot;content_width&quot;:&quot;full&quot;}\">\n\t\t\t\t<div class=\"elementor-element elementor-element-fa07e6e elementor-widget elementor-widget-heading\" data-id=\"fa07e6e\" data-element_type=\"widget\" data-widget_type=\"heading.default\">\n\t\t\t\t<div class=\"elementor-widget-container\">\n\t\t\t<h2 class=\"elementor-heading-title elementor-size-default\">Auditoria Completa e Confi\u00e1vel\n\n<\/h2>\t\t<\/div>\n\t\t\t\t<\/div>\n\t\t\t\t<div class=\"elementor-element elementor-element-a65c49d elementor-widget elementor-widget-text-editor\" data-id=\"a65c49d\" data-element_type=\"widget\" data-widget_type=\"text-editor.default\">\n\t\t\t\t<div class=\"elementor-widget-container\">\n\t\t\t\t\t\t\t<p>Com o DespBox, voc\u00ea tem a garantia de uma auditoria minuciosa, proporcionando total transpar\u00eancia e confian\u00e7a em suas opera\u00e7\u00f5es financeiras. Tenha controle absoluto e esteja pronto para qualquer an\u00e1lise.<\/p>\t\t\t\t\t\t<\/div>\n\t\t\t\t<\/div>\n\t\t\t\t<\/div>\n\t\t\t\t<\/div>\n\t\t\t\t\t\t\t<\/div>\n\t\t","protected":false},"excerpt":{"rendered":"<p>PR\u00c1TICO E COMPLETO Saiba exatamente o custo real de cada cliente Otimize sua opera\u00e7\u00e3o de forma definitiva. Com o DespBox, voc\u00ea ter\u00e1 total controle das despesas relacionadas ao atendimento de seus clientes, gerenciamento de viagens e ve\u00edculos. Conhecer os Planos Agendar Demonstra\u00e7\u00e3o Controle Preciso de Despesas O DespBox oferece um controle preciso e eficiente das [&hellip;]<\/p>\n","protected":false},"author":1,"featured_media":0,"parent":0,"menu_order":0,"comment_status":"closed","ping_status":"closed","template":"elementor_header_footer","meta":{"footnotes":""},"_links":{"self":[{"href":"https:\/\/despbox.com.br\/index.php?rest_route=\/wp\/v2\/pages\/16"}],"collection":[{"href":"https:\/\/despbox.com.br\/index.php?rest_route=\/wp\/v2\/pages"}],"about":[{"href":"https:\/\/despbox.com.br\/index.php?rest_route=\/wp\/v2\/types\/page"}],"author":[{"embeddable":true,"href":"https:\/\/despbox.com.br\/index.php?rest_route=\/wp\/v2\/users\/1"}],"replies":[{"embeddable":true,"href":"https:\/\/despbox.com.br\/index.php?rest_route=%2Fwp%2Fv2%2Fcomments&post=16"}],"version-history":[{"count":61,"href":"https:\/\/despbox.com.br\/index.php?rest_route=\/wp\/v2\/pages\/16\/revisions"}],"predecessor-version":[{"id":219,"href":"https:\/\/despbox.com.br\/index.php?rest_route=\/wp\/v2\/pages\/16\/revisions\/219"}],"wp:attachment":[{"href":"https:\/\/despbox.com.br\/index.php?rest_route=%2Fwp%2Fv2%2Fmedia&parent=16"}],"curies":[{"name":"wp","href":"https:\/\/api.w.org\/{rel}","templated":true}]}}